{"id":93,"date":"2021-06-03T06:16:22","date_gmt":"2021-06-03T06:16:22","guid":{"rendered":"https:\/\/win.postasantacroce.it\/psc\/?page_id=93"},"modified":"2024-11-30T18:19:11","modified_gmt":"2024-11-30T18:19:11","slug":"home","status":"publish","type":"page","link":"https:\/\/www.postasantacroce.it\/psc\/","title":{"rendered":"Home"},"content":{"rendered":"\t\t<div data-elementor-type=\"wp-page\" data-elementor-id=\"93\" class=\"elementor elementor-93\" data-elementor-settings=\"[]\">\n\t\t\t\t\t\t\t<div class=\"elementor-section-wrap\">\n\t\t\t\t\t\t\t<section class=\"elementor-section elementor-top-section elementor-element elementor-element-81f8bbf elementor-section-full_width elementor-section-height-min-height elementor-section-height-default elementor-section-items-middle\" data-id=\"81f8bbf\" data-element_type=\"section\" data-settings=\"{&quot;background_background&quot;:&quot;slideshow&quot;,&quot;background_slideshow_gallery&quot;:[{&quot;id&quot;:3808,&quot;url&quot;:&quot;https:\\\/\\\/www.postasantacroce.it\\\/psc\\\/wp-content\\\/uploads\\\/2021\\\/08\\\/posta-santa-croce-esterni-0018.jpg&quot;},{&quot;id&quot;:1353,&quot;url&quot;:&quot;https:\\\/\\\/www.postasantacroce.it\\\/psc\\\/wp-content\\\/uploads\\\/2021\\\/08\\\/posta-santa-croce-crepuscolo.jpg&quot;},{&quot;id&quot;:1351,&quot;url&quot;:&quot;https:\\\/\\\/www.postasantacroce.it\\\/psc\\\/wp-content\\\/uploads\\\/2021\\\/08\\\/posta-santa-croce-campanile.jpg&quot;},{&quot;id&quot;:3807,&quot;url&quot;:&quot;https:\\\/\\\/www.postasantacroce.it\\\/psc\\\/wp-content\\\/uploads\\\/2021\\\/08\\\/posta-santa-croce-esterni-0017.jpg&quot;},{&quot;id&quot;:3800,&quot;url&quot;:&quot;https:\\\/\\\/www.postasantacroce.it\\\/psc\\\/wp-content\\\/uploads\\\/2021\\\/08\\\/posta-santa-croce-esterni-0010.jpg&quot;},{&quot;id&quot;:3791,&quot;url&quot;:&quot;https:\\\/\\\/www.postasantacroce.it\\\/psc\\\/wp-content\\\/uploads\\\/2021\\\/08\\\/posta-santa-croce-esterni-0001.jpg&quot;}],&quot;background_slideshow_transition_duration&quot;:2500,&quot;background_slideshow_loop&quot;:&quot;yes&quot;,&quot;background_slideshow_slide_duration&quot;:5000,&quot;background_slideshow_slide_transition&quot;:&quot;fade&quot;}\">\n\t\t\t\t\t\t\t<div class=\"elementor-background-overlay\"><\/div>\n\t\t\t\t\t\t\t<div class=\"elementor-container elementor-column-gap-no\">\n\t\t\t\t\t<div class=\"elementor-column elementor-col-100 elementor-top-column elementor-element elementor-element-4f6bc8f\" data-id=\"4f6bc8f\" data-element_type=\"column\">\n\t\t\t<div class=\"elementor-widget-wrap elementor-element-populated\">\n\t\t\t\t\t\t\t\t<div class=\"elementor-element elementor-element-8c3b221 elementor-widget elementor-widget-image\" data-id=\"8c3b221\" data-element_type=\"widget\" data-widget_type=\"image.default\">\n\t\t\t\t<div class=\"elementor-widget-container\">\n\t\t\t\t\t\t\t\t\t\t\t\t\t\t\t<img decoding=\"async\" width=\"300\" height=\"132\" src=\"https:\/\/www.postasantacroce.it\/psc\/wp-content\/uploads\/2021\/06\/posta-santa-croce-logo-bianco-300x132.png\" class=\"attachment-medium size-medium\" alt=\"\" loading=\"lazy\" srcset=\"https:\/\/www.postasantacroce.it\/psc\/wp-content\/uploads\/2021\/06\/posta-santa-croce-logo-bianco-300x132.png 300w, https:\/\/www.postasantacroce.it\/psc\/wp-content\/uploads\/2021\/06\/posta-santa-croce-logo-bianco-1024x452.png 1024w, https:\/\/www.postasantacroce.it\/psc\/wp-content\/uploads\/2021\/06\/posta-santa-croce-logo-bianco-768x339.png 768w, https:\/\/www.postasantacroce.it\/psc\/wp-content\/uploads\/2021\/06\/posta-santa-croce-logo-bianco-120x53.png 120w, https:\/\/www.postasantacroce.it\/psc\/wp-content\/uploads\/2021\/06\/posta-santa-croce-logo-bianco.png 1276w\" sizes=\"(max-width: 300px) 100vw, 300px\" \/>\t\t\t\t\t\t\t\t\t\t\t\t\t\t\t<\/div>\n\t\t\t\t<\/div>\n\t\t\t\t<div class=\"elementor-element elementor-element-8691ab3 elementor-widget elementor-widget-text-editor\" data-id=\"8691ab3\" data-element_type=\"widget\" data-widget_type=\"text-editor.default\">\n\t\t\t\t<div class=\"elementor-widget-container\">\n\t\t\t\t\t\t\t<span style=\"color: #f0f0f0;\"><em>\u00abPortami fuori del clamore del mondo in una quieta valle di pace. Dammi qui infine una piccola capanna dove niente pi\u00f9 mi render\u00e0 triste, dove un piccolo giardino, quieto e rustico, sorrider\u00e0 al mio sguardo. Dove, in tranquillit\u00e0, con la mia amata, l\u2019illusione della vita si allontaner\u00e0 da me, dove una bambina ed un bambino fioriranno, pieni di promesse, davanti al loro padre. Oh, stanco del clamore del mondo, ho cercato la pace per tanto tempo; Fato, pieno di gentilezze, conducimi presto a questo luogo di pace\u00bb (da un lied di Mauro Giuliani su testo di Christian Ludwig Reissig).<\/em><\/span>\n<!--[if lt IE 9]><script>document.createElement('audio');<\/script><![endif]-->\n<audio class=\"wp-audio-shortcode\" id=\"audio-93-1\" loop=\"1\" autoplay=\"1\" preload=\"auto\" style=\"width: 100%;\" controls=\"controls\"><source type=\"audio\/mpeg\" src=\"https:\/\/www.postasantacroce.it\/psc\/wp-content\/uploads\/2024\/11\/posta-santa-croce-giuliani.mp3?_=1\" \/><a href=\"https:\/\/www.postasantacroce.it\/psc\/wp-content\/uploads\/2024\/11\/posta-santa-croce-giuliani.mp3\">https:\/\/www.postasantacroce.it\/psc\/wp-content\/uploads\/2024\/11\/posta-santa-croce-giuliani.mp3<\/a><\/audio>\t\t\t\t\t\t<\/div>\n\t\t\t\t<\/div>\n\t\t\t\t\t<\/div>\n\t\t<\/div>\n\t\t\t\t\t\t\t<\/div>\n\t\t<\/section>\n\t\t\t\t\t\t<\/div>\n\t\t\t\t\t<\/div>\n\t\t","protected":false},"excerpt":{"rendered":"<p>\u00abPortami fuori del clamore del mondo in una quieta valle di pace. Dammi &hellip;<\/p>\n<p class=\"read-more\"> <a class=\"ast-button\" href=\"https:\/\/www.postasantacroce.it\/psc\/\"> <span class=\"screen-reader-text\">Home<\/span> Leggi tutto \u00bb<\/a><\/p>\n","protected":false},"author":1,"featured_media":0,"parent":0,"menu_order":1,"comment_status":"closed","ping_status":"closed","template":"","meta":{"site-sidebar-layout":"no-sidebar","site-content-layout":"page-builder","ast-main-header-display":"","ast-hfb-above-header-display":"","ast-hfb-below-header-display":"","ast-hfb-mobile-header-display":"","site-post-title":"disabled","ast-breadcrumbs-content":"","ast-featured-img":"disabled","footer-sml-layout":"","theme-transparent-header-meta":"default","adv-header-id-meta":"","stick-header-meta":"","header-above-stick-meta":"","header-main-stick-meta":"","header-below-stick-meta":""},"_links":{"self":[{"href":"https:\/\/www.postasantacroce.it\/psc\/wp-json\/wp\/v2\/pages\/93"}],"collection":[{"href":"https:\/\/www.postasantacroce.it\/psc\/wp-json\/wp\/v2\/pages"}],"about":[{"href":"https:\/\/www.postasantacroce.it\/psc\/wp-json\/wp\/v2\/types\/page"}],"author":[{"embeddable":true,"href":"https:\/\/www.postasantacroce.it\/psc\/wp-json\/wp\/v2\/users\/1"}],"replies":[{"embeddable":true,"href":"https:\/\/www.postasantacroce.it\/psc\/wp-json\/wp\/v2\/comments?post=93"}],"version-history":[{"count":611,"href":"https:\/\/www.postasantacroce.it\/psc\/wp-json\/wp\/v2\/pages\/93\/revisions"}],"predecessor-version":[{"id":7230,"href":"https:\/\/www.postasantacroce.it\/psc\/wp-json\/wp\/v2\/pages\/93\/revisions\/7230"}],"wp:attachment":[{"href":"https:\/\/www.postasantacroce.it\/psc\/wp-json\/wp\/v2\/media?parent=93"}],"curies":[{"name":"wp","href":"https:\/\/api.w.org\/{rel}","templated":true}]}}