{"id":5351,"date":"2021-12-04T13:40:53","date_gmt":"2021-12-04T13:40:53","guid":{"rendered":"https:\/\/win.postasantacroce.it\/psc\/culture\/"},"modified":"2022-01-08T12:18:10","modified_gmt":"2022-01-08T12:18:10","slug":"culture","status":"publish","type":"page","link":"https:\/\/www.postasantacroce.it\/psc\/culture\/?lang=fr","title":{"rendered":"Culture"},"content":{"rendered":"\t\t<div data-elementor-type=\"wp-page\" data-elementor-id=\"5351\" class=\"elementor elementor-5351 elementor-38\" data-elementor-settings=\"[]\">\n\t\t\t\t\t\t\t<div class=\"elementor-section-wrap\">\n\t\t\t\t\t\t\t<section class=\"elementor-section elementor-top-section elementor-element elementor-element-76a73d7 elementor-section-full_width elementor-section-height-min-height elementor-section-items-stretch elementor-section-height-default\" data-id=\"76a73d7\" data-element_type=\"section\">\n\t\t\t\t\t\t<div class=\"elementor-container elementor-column-gap-no\">\n\t\t\t\t\t<div class=\"elementor-column elementor-col-50 elementor-top-column elementor-element elementor-element-e3a1e7d\" data-id=\"e3a1e7d\" data-element_type=\"column\">\n\t\t\t<div class=\"elementor-widget-wrap elementor-element-populated\">\n\t\t\t\t\t\t\t\t<div class=\"elementor-element elementor-element-76c419c elementor--h-position-center elementor--v-position-middle elementor-arrows-position-inside elementor-widget elementor-widget-slides\" data-id=\"76c419c\" data-element_type=\"widget\" data-settings=\"{&quot;navigation&quot;:&quot;arrows&quot;,&quot;transition_speed&quot;:1000,&quot;autoplay&quot;:&quot;yes&quot;,&quot;pause_on_hover&quot;:&quot;yes&quot;,&quot;pause_on_interaction&quot;:&quot;yes&quot;,&quot;autoplay_speed&quot;:5000,&quot;infinite&quot;:&quot;yes&quot;,&quot;transition&quot;:&quot;slide&quot;}\" data-widget_type=\"slides.default\">\n\t\t\t\t<div class=\"elementor-widget-container\">\n\t\t\t\t\t<div class=\"elementor-swiper\">\n\t\t\t<div class=\"elementor-slides-wrapper elementor-main-swiper swiper-container\" dir=\"ltr\" data-animation=\"\">\n\t\t\t\t<div class=\"swiper-wrapper elementor-slides\">\n\t\t\t\t\t\t\t\t\t\t<div class=\"elementor-repeater-item-d93d0b9 swiper-slide\"><div class=\"swiper-slide-bg\"><\/div><div class=\"swiper-slide-inner\" ><div class=\"swiper-slide-contents\"><\/div><\/div><\/div><div class=\"elementor-repeater-item-7956b82 swiper-slide\"><div class=\"swiper-slide-bg\"><\/div><div class=\"swiper-slide-inner\" ><div class=\"swiper-slide-contents\"><\/div><\/div><\/div><div class=\"elementor-repeater-item-87194e3 swiper-slide\"><div class=\"swiper-slide-bg\"><\/div><div class=\"swiper-slide-inner\" ><div class=\"swiper-slide-contents\"><\/div><\/div><\/div><div class=\"elementor-repeater-item-ec7e50e swiper-slide\"><div class=\"swiper-slide-bg\"><\/div><div class=\"swiper-slide-inner\" ><div class=\"swiper-slide-contents\"><\/div><\/div><\/div><div class=\"elementor-repeater-item-720985e swiper-slide\"><div class=\"swiper-slide-bg\"><\/div><div class=\"swiper-slide-inner\" ><div class=\"swiper-slide-contents\"><\/div><\/div><\/div><div class=\"elementor-repeater-item-ebbca59 swiper-slide\"><div class=\"swiper-slide-bg\"><\/div><div class=\"swiper-slide-inner\" ><div class=\"swiper-slide-contents\"><\/div><\/div><\/div><div class=\"elementor-repeater-item-6fe881e swiper-slide\"><div class=\"swiper-slide-bg\"><\/div><div class=\"swiper-slide-inner\" ><div class=\"swiper-slide-contents\"><\/div><\/div><\/div><div class=\"elementor-repeater-item-49dd347 swiper-slide\"><div class=\"swiper-slide-bg\"><\/div><div class=\"swiper-slide-inner\" ><div class=\"swiper-slide-contents\"><\/div><\/div><\/div><div class=\"elementor-repeater-item-d347d4b swiper-slide\"><div class=\"swiper-slide-bg\"><\/div><div class=\"swiper-slide-inner\" ><div class=\"swiper-slide-contents\"><\/div><\/div><\/div><div class=\"elementor-repeater-item-a44cc1a swiper-slide\"><div class=\"swiper-slide-bg\"><\/div><div class=\"swiper-slide-inner\" ><div class=\"swiper-slide-contents\"><\/div><\/div><\/div><div class=\"elementor-repeater-item-2fb7241 swiper-slide\"><div class=\"swiper-slide-bg\"><\/div><div class=\"swiper-slide-inner\" ><div class=\"swiper-slide-contents\"><\/div><\/div><\/div><div class=\"elementor-repeater-item-5d8d630 swiper-slide\"><div class=\"swiper-slide-bg\"><\/div><div class=\"swiper-slide-inner\" ><div class=\"swiper-slide-contents\"><\/div><\/div><\/div>\t\t\t\t<\/div>\n\t\t\t\t\t\t\t\t\t\t\t\t\t\t\t\t\t\t\t\t<div class=\"elementor-swiper-button elementor-swiper-button-prev\">\n\t\t\t\t\t\t\t<i aria-hidden=\"true\" class=\"eicon-chevron-left\"><\/i>\t\t\t\t\t\t\t<span class=\"elementor-screen-only\">Precedente<\/span>\n\t\t\t\t\t\t<\/div>\n\t\t\t\t\t\t<div class=\"elementor-swiper-button elementor-swiper-button-next\">\n\t\t\t\t\t\t\t<i aria-hidden=\"true\" class=\"eicon-chevron-right\"><\/i>\t\t\t\t\t\t\t<span class=\"elementor-screen-only\">Successivo<\/span>\n\t\t\t\t\t\t<\/div>\n\t\t\t\t\t\t\t\t\t\t\t\t<\/div>\n\t\t<\/div>\n\t\t\t\t<\/div>\n\t\t\t\t<\/div>\n\t\t\t\t\t<\/div>\n\t\t<\/div>\n\t\t\t\t<div class=\"elementor-column elementor-col-50 elementor-top-column elementor-element elementor-element-17bc3f0\" data-id=\"17bc3f0\" data-element_type=\"column\">\n\t\t\t<div class=\"elementor-widget-wrap elementor-element-populated\">\n\t\t\t\t\t\t\t\t<div class=\"elementor-element elementor-element-e33c8d0 elementor-widget elementor-widget-text-editor\" data-id=\"e33c8d0\" data-element_type=\"widget\" data-widget_type=\"text-editor.default\">\n\t\t\t\t<div class=\"elementor-widget-container\">\n\t\t\t\t\t\t\t<h2><strong>Culture<\/strong><\/h2>\n<p><strong>\u00abla d\u00e9couverte est infinie, parce que c\u2019est une r\u00e9gion, Les Pouilles, comme le matin, un matin limpide, un matin de soleil liquide: et, le matin sera toujours le m\u00eame, sans jamais s\u2019ennuyer. Il y a toujours quelques choses de nouveau, dans son spectacle sempiternel\u00bb (Cesare Brandi, Pellegrino di Puglia).<\/strong><\/p>\n<p><strong>Posta Santa Croce se trouve sur la commune de Bisceglie (BT), dans une zone d\u2019int\u00e9r\u00eat arch\u00e9ologique et avec de beaux paysages: une promenade de 10 minutes \u00e0 pieds vous conduit au Dolmen pr\u00e9historique de la Chianca, une construction m\u00e9galithique parfaitement conserv\u00e9e.<\/strong><\/p>\n<p><strong>La cit\u00e9 de Bisceglie a un centre historique m\u00e9di\u00e9val, une cath\u00e9drale et deux petites \u00e9glises romanes (S. Margherita et S. Adoeno) un beau littoral avec de nombreuses plages de galets et de rochers ainsi qu\u2019une zone baln\u00e9aire. A Bisceglie, nous recommandons \u00e0 nos h\u00f4tes une visite \u00e0 l&#8217;un des innombrables moulins \u00e0 huile. Dans certains d&#8217;entre eux, vous pouvez m\u00eame d\u00eener.<\/strong><\/p>\n\t\t\t\t\t\t<\/div>\n\t\t\t\t<\/div>\n\t\t\t\t\t<\/div>\n\t\t<\/div>\n\t\t\t\t\t\t\t<\/div>\n\t\t<\/section>\n\t\t\t\t<section class=\"elementor-section elementor-top-section elementor-element elementor-element-ba3ddf7 elementor-section-full_width elementor-section-height-min-height elementor-section-items-stretch elementor-reverse-mobile elementor-section-height-default\" data-id=\"ba3ddf7\" data-element_type=\"section\">\n\t\t\t\t\t\t<div class=\"elementor-container elementor-column-gap-no\">\n\t\t\t\t\t<div class=\"elementor-column elementor-col-50 elementor-top-column elementor-element elementor-element-3ab8ed6\" data-id=\"3ab8ed6\" data-element_type=\"column\">\n\t\t\t<div class=\"elementor-widget-wrap elementor-element-populated\">\n\t\t\t\t\t\t\t\t<div class=\"elementor-element elementor-element-9e22423 elementor-widget elementor-widget-text-editor\" data-id=\"9e22423\" data-element_type=\"widget\" data-widget_type=\"text-editor.default\">\n\t\t\t\t<div class=\"elementor-widget-container\">\n\t\t\t\t\t\t\t<p><strong>De Posta Santa Croce, en voiture, vous pouvez facilement rejoindre des villes d&#8217;art telles que Trani, avec sa splendide cath\u00e9drale surplombant la mer, Ruvo di Puglia, avec le mus\u00e9e Jatta, et Barletta, avec le splendide ch\u00e2teau et Palazzo della Marra. , qui abrite les peintures du peintre impressionniste De Nittis<\/strong><b>, dont nous vous conseillons de voir et d&#8217;\u00e9couter la vid\u00e9o ci-contre, r\u00e9alis\u00e9e par les \u00e9l\u00e8ves du lyc\u00e9e artistique Nicola Garrone de Barletta avec le professeur Bianca Consiglio (pour nous tante Bianca), pr\u00e9sent\u00e9e et partag\u00e9e ici par le professeur Claudio Strinati<\/b><strong style=\"font-style: inherit; color: var( --e-global-color-text );\">. Vous \u00eates dans le c\u0153ur des Pouilles de Fr\u00e9d\u00e9ric II, constell\u00e9 de ch\u00e2teaux m\u00e9di\u00e9vaux et d\u2019\u00e9glises romanes: en 30 minutes, vous \u00eates dans myst\u00e9rieux Castel del Monte, de g\u00e9om\u00e9trie parfaite repr\u00e9sentant l\u2019infini, par la r\u00e9p\u00e9tition architecturale du num\u00e9ro 8 pr\u00e9sent dans chaque espace. Le panorama du ch\u00e2teau rappelle \u00e9galement l\u2019infini, en observant de ses fen\u00eatres l\u2019horizon les jours o\u00f9 la visibilit\u00e9 le permet.<\/strong><\/p>\n<p><strong>A une heure de voiture, vous arrivez \u00e0 Matera, la ville des \u00ab Sassi \u00bb et du film \u201cLa Passion\u201d.<\/strong><\/p>\n<p><strong>Il y aurait encore beaucoup \u00e0 dire, de la bataille de Canne aux origines grecques de Tarante, de la Venosa di Orazio \u00e0 la vieille ville catholique et orthodoxe de Bari, Alberobello, Ostuni, Melfi, le ch\u00e2teau de Lagopesole, le magnifique littoral de Pulsano&#8230; et beaucoup d\u2019autres choses dont vous aurez la surprise de d\u00e9couvrir par vous-m\u00eame.<\/strong><\/p>\n\t\t\t\t\t\t<\/div>\n\t\t\t\t<\/div>\n\t\t\t\t\t<\/div>\n\t\t<\/div>\n\t\t\t\t<div class=\"elementor-column elementor-col-50 elementor-top-column elementor-element elementor-element-1dbbff7\" data-id=\"1dbbff7\" data-element_type=\"column\">\n\t\t\t<div class=\"elementor-widget-wrap elementor-element-populated\">\n\t\t\t\t\t\t\t\t<div class=\"elementor-element elementor-element-b0a8d06 elementor-aspect-ratio-11 elementor-widget elementor-widget-video\" data-id=\"b0a8d06\" data-element_type=\"widget\" data-settings=\"{&quot;youtube_url&quot;:&quot;https:\\\/\\\/youtu.be\\\/rX6PqStk8SA&quot;,&quot;autoplay&quot;:&quot;yes&quot;,&quot;play_on_mobile&quot;:&quot;yes&quot;,&quot;aspect_ratio&quot;:&quot;11&quot;,&quot;video_type&quot;:&quot;youtube&quot;,&quot;controls&quot;:&quot;yes&quot;}\" data-widget_type=\"video.default\">\n\t\t\t\t<div class=\"elementor-widget-container\">\n\t\t\t\t\t<div class=\"elementor-wrapper elementor-fit-aspect-ratio elementor-open-inline\">\n\t\t\t<div class=\"elementor-video\"><\/div>\t\t<\/div>\n\t\t\t\t<\/div>\n\t\t\t\t<\/div>\n\t\t\t\t\t<\/div>\n\t\t<\/div>\n\t\t\t\t\t\t\t<\/div>\n\t\t<\/section>\n\t\t\t\t\t\t<\/div>\n\t\t\t\t\t<\/div>\n\t\t","protected":false},"excerpt":{"rendered":"<p>Precedente Successivo Culture \u00abla d\u00e9couverte est infinie, parce que c\u2019est une r\u00e9gion, Les &hellip;<\/p>\n<p class=\"read-more\"> <a class=\"ast-button\" href=\"https:\/\/www.postasantacroce.it\/psc\/culture\/?lang=fr\"> <span class=\"screen-reader-text\">Culture<\/span> Leggi tutto \u00bb<\/a><\/p>\n","protected":false},"author":1,"featured_media":0,"parent":0,"menu_order":0,"comment_status":"closed","ping_status":"closed","template":"","meta":{"site-sidebar-layout":"no-sidebar","site-content-layout":"page-builder","ast-main-header-display":"","ast-hfb-above-header-display":"","ast-hfb-below-header-display":"","ast-hfb-mobile-header-display":"","site-post-title":"disabled","ast-breadcrumbs-content":"","ast-featured-img":"disabled","footer-sml-layout":"","theme-transparent-header-meta":"default","adv-header-id-meta":"","stick-header-meta":"","header-above-stick-meta":"","header-main-stick-meta":"","header-below-stick-meta":""},"_links":{"self":[{"href":"https:\/\/www.postasantacroce.it\/psc\/wp-json\/wp\/v2\/pages\/5351"}],"collection":[{"href":"https:\/\/www.postasantacroce.it\/psc\/wp-json\/wp\/v2\/pages"}],"about":[{"href":"https:\/\/www.postasantacroce.it\/psc\/wp-json\/wp\/v2\/types\/page"}],"author":[{"embeddable":true,"href":"https:\/\/www.postasantacroce.it\/psc\/wp-json\/wp\/v2\/users\/1"}],"replies":[{"embeddable":true,"href":"https:\/\/www.postasantacroce.it\/psc\/wp-json\/wp\/v2\/comments?post=5351"}],"version-history":[{"count":5,"href":"https:\/\/www.postasantacroce.it\/psc\/wp-json\/wp\/v2\/pages\/5351\/revisions"}],"predecessor-version":[{"id":6207,"href":"https:\/\/www.postasantacroce.it\/psc\/wp-json\/wp\/v2\/pages\/5351\/revisions\/6207"}],"wp:attachment":[{"href":"https:\/\/www.postasantacroce.it\/psc\/wp-json\/wp\/v2\/media?parent=5351"}],"curies":[{"name":"wp","href":"https:\/\/api.w.org\/{rel}","templated":true}]}}