{"id":24,"date":"2021-06-02T18:13:28","date_gmt":"2021-06-02T18:13:28","guid":{"rendered":"https:\/\/win.postasantacroce.it\/psc\/?page_id=24"},"modified":"2022-01-08T09:38:49","modified_gmt":"2022-01-08T09:38:49","slug":"lagriturismo","status":"publish","type":"page","link":"https:\/\/www.postasantacroce.it\/psc\/lagriturismo\/","title":{"rendered":"L&#8217;agriturismo"},"content":{"rendered":"\t\t<div data-elementor-type=\"wp-page\" data-elementor-id=\"24\" class=\"elementor elementor-24\" data-elementor-settings=\"[]\">\n\t\t\t\t\t\t\t<div class=\"elementor-section-wrap\">\n\t\t\t\t\t\t\t<section class=\"elementor-section elementor-top-section elementor-element elementor-element-5431c5d elementor-section-full_width elementor-section-height-min-height elementor-section-items-stretch elementor-section-height-default\" data-id=\"5431c5d\" data-element_type=\"section\">\n\t\t\t\t\t\t<div class=\"elementor-container elementor-column-gap-no\">\n\t\t\t\t\t<div class=\"elementor-column elementor-col-50 elementor-top-column elementor-element elementor-element-3ac3e41\" data-id=\"3ac3e41\" data-element_type=\"column\">\n\t\t\t<div class=\"elementor-widget-wrap elementor-element-populated\">\n\t\t\t\t\t\t\t\t<div class=\"elementor-element elementor-element-d1ce757 elementor--h-position-center elementor--v-position-middle elementor-arrows-position-inside elementor-widget elementor-widget-slides\" data-id=\"d1ce757\" data-element_type=\"widget\" data-settings=\"{&quot;navigation&quot;:&quot;arrows&quot;,&quot;transition_speed&quot;:1000,&quot;autoplay&quot;:&quot;yes&quot;,&quot;pause_on_hover&quot;:&quot;yes&quot;,&quot;pause_on_interaction&quot;:&quot;yes&quot;,&quot;autoplay_speed&quot;:5000,&quot;infinite&quot;:&quot;yes&quot;,&quot;transition&quot;:&quot;slide&quot;}\" data-widget_type=\"slides.default\">\n\t\t\t\t<div class=\"elementor-widget-container\">\n\t\t\t\t\t<div class=\"elementor-swiper\">\n\t\t\t<div class=\"elementor-slides-wrapper elementor-main-swiper swiper-container\" dir=\"ltr\" data-animation=\"\">\n\t\t\t\t<div class=\"swiper-wrapper elementor-slides\">\n\t\t\t\t\t\t\t\t\t\t<div class=\"elementor-repeater-item-465cbb1 swiper-slide\"><div class=\"swiper-slide-bg\"><\/div><div class=\"swiper-slide-inner\" ><div class=\"swiper-slide-contents\"><\/div><\/div><\/div><div class=\"elementor-repeater-item-145e727 swiper-slide\"><div class=\"swiper-slide-bg\"><\/div><div class=\"swiper-slide-inner\" ><div class=\"swiper-slide-contents\"><\/div><\/div><\/div><div class=\"elementor-repeater-item-a12e4fe swiper-slide\"><div class=\"swiper-slide-bg\"><\/div><div class=\"swiper-slide-inner\" ><div class=\"swiper-slide-contents\"><\/div><\/div><\/div><div class=\"elementor-repeater-item-42680d0 swiper-slide\"><div class=\"swiper-slide-bg\"><\/div><div class=\"swiper-slide-inner\" ><div class=\"swiper-slide-contents\"><\/div><\/div><\/div><div class=\"elementor-repeater-item-9534d58 swiper-slide\"><div class=\"swiper-slide-bg\"><\/div><div class=\"swiper-slide-inner\" ><div class=\"swiper-slide-contents\"><\/div><\/div><\/div><div class=\"elementor-repeater-item-282555f swiper-slide\"><div class=\"swiper-slide-bg\"><\/div><div class=\"swiper-slide-inner\" ><div class=\"swiper-slide-contents\"><\/div><\/div><\/div><div class=\"elementor-repeater-item-20832b3 swiper-slide\"><div class=\"swiper-slide-bg\"><\/div><div class=\"swiper-slide-inner\" ><div class=\"swiper-slide-contents\"><\/div><\/div><\/div><div class=\"elementor-repeater-item-b1b3eb7 swiper-slide\"><div class=\"swiper-slide-bg\"><\/div><div class=\"swiper-slide-inner\" ><div class=\"swiper-slide-contents\"><\/div><\/div><\/div><div class=\"elementor-repeater-item-ee372ef swiper-slide\"><div class=\"swiper-slide-bg\"><\/div><div class=\"swiper-slide-inner\" ><div class=\"swiper-slide-contents\"><\/div><\/div><\/div><div class=\"elementor-repeater-item-c6fd653 swiper-slide\"><div class=\"swiper-slide-bg\"><\/div><div class=\"swiper-slide-inner\" ><div class=\"swiper-slide-contents\"><\/div><\/div><\/div><div class=\"elementor-repeater-item-0fbb7eb swiper-slide\"><div class=\"swiper-slide-bg\"><\/div><div class=\"swiper-slide-inner\" ><div class=\"swiper-slide-contents\"><\/div><\/div><\/div>\t\t\t\t<\/div>\n\t\t\t\t\t\t\t\t\t\t\t\t\t\t\t\t\t\t\t\t<div class=\"elementor-swiper-button elementor-swiper-button-prev\">\n\t\t\t\t\t\t\t<i aria-hidden=\"true\" class=\"eicon-chevron-left\"><\/i>\t\t\t\t\t\t\t<span class=\"elementor-screen-only\">Precedente<\/span>\n\t\t\t\t\t\t<\/div>\n\t\t\t\t\t\t<div class=\"elementor-swiper-button elementor-swiper-button-next\">\n\t\t\t\t\t\t\t<i aria-hidden=\"true\" class=\"eicon-chevron-right\"><\/i>\t\t\t\t\t\t\t<span class=\"elementor-screen-only\">Successivo<\/span>\n\t\t\t\t\t\t<\/div>\n\t\t\t\t\t\t\t\t\t\t\t\t<\/div>\n\t\t<\/div>\n\t\t\t\t<\/div>\n\t\t\t\t<\/div>\n\t\t\t\t\t<\/div>\n\t\t<\/div>\n\t\t\t\t<div class=\"elementor-column elementor-col-50 elementor-top-column elementor-element elementor-element-93cb9ef\" data-id=\"93cb9ef\" data-element_type=\"column\">\n\t\t\t<div class=\"elementor-widget-wrap elementor-element-populated\">\n\t\t\t\t\t\t\t\t<div class=\"elementor-element elementor-element-2dcce45 elementor-widget elementor-widget-text-editor\" data-id=\"2dcce45\" data-element_type=\"widget\" data-widget_type=\"text-editor.default\">\n\t\t\t\t<div class=\"elementor-widget-container\">\n\t\t\t\t\t\t\t<h3><strong>L&#8217;agriturismo<\/strong><\/h3><p><strong>Posta Santa Croce \u00e8 circondata da dieci ettari di terreno, immersi in un paesaggio suggestivo, dove si pu\u00f2 passeggiare a contatto con la natura e gustare i frutti della terra raccogliendoli direttamente dagli alberi.<\/strong><\/p><p><strong>Ciliegie, fioroni, pere, prugne, uva, fichi d\u2019india, gelsi bianchi e rossi, melagrane e mandorle sono a vostra disposizione e se volete vivere davvero la campagna potete partecipare o assistere alla raccolta delle olive o delle ciliegie.<\/strong><\/p><p><strong>Rimarrete affascinati dalla luce e dai colori della nostra terra, dall&#8217;intensit\u00e0 dei sapori e dei profumi che essa ci regala in ogni stagione. Ritroverete il sapore antico delle cose semplici.<\/strong><\/p><p><strong>Cesare Brandi, nel suo &#8220;Pellegrino di Puglia&#8221;, scrive:<\/strong><\/p><p><strong>\u00abCos\u00ec nessuna campagna \u00e8 pi\u00f9 festosa di questa, che \u00e8 come un girotondo di bimbi, l\u2019illustrazione benevola di una fiaba, il pianeta di un\u2019et\u00e0 privilegiata e innocente.<\/strong><\/p><p><strong>Ma \u00e8 pure come uno scampanio silenzioso che fa echeggiare, nel pi\u00f9 riposto cuore, ricordi sopiti e subitanei, di mattini lieti e di scampagnate festive, d\u2019un\u2019et\u00e0 perduta che sembra di ritrovare come un vestito in fondo a un cassetto o un fiore dentro un libro.<\/strong><\/p><p><strong>Infanzia nostra e della terra, infanzia accesa di luce e d\u2019aria viva, come una corsa, con i polmoni che ingoiano tutto, anche il verde, l\u2019azzurro, i pampani e le carrube.<\/strong><\/p><p><strong>Tanto, e niente di meno, ci dona questa campagna\u00bb<\/strong><\/p><p><strong>\u00ab\u2026c\u2019erano i fantasmi, c\u2019erano apertamente, senza sotterfugio: e di giorno e di notte. Fantasmi solidi, sparsi ovunque, inestirpabili, per quanti se ne raduni.<\/strong><\/p><p><strong>Sono le pietre.<\/strong><\/p><p><strong>Le pietre che la terra pugliese ha in s\u00e9 come i fantasmi del proprio passato, di una storia ignota e preumana.<\/strong><\/p><p><strong>Il contadino alza grandi mucchi: poi sceglie, distribuisce, compone a mosaico muri meravigliosi, cementati senza calce, le \u201cparieti\u201d; edifica trulli, pagliare.<\/strong><\/p><p><strong>Dovunque si vada, in Puglia, si vedono pietre che si aggregano, si cercano, si compongono, come se invece che pietre fossero calamite\u00bb<\/strong><\/p>\t\t\t\t\t\t<\/div>\n\t\t\t\t<\/div>\n\t\t\t\t\t<\/div>\n\t\t<\/div>\n\t\t\t\t\t\t\t<\/div>\n\t\t<\/section>\n\t\t\t\t\t\t<\/div>\n\t\t\t\t\t<\/div>\n\t\t","protected":false},"excerpt":{"rendered":"<p>Precedente Successivo L&#8217;agriturismo Posta Santa Croce \u00e8 circondata da dieci ettari di terreno, &hellip;<\/p>\n<p class=\"read-more\"> <a class=\"ast-button\" href=\"https:\/\/www.postasantacroce.it\/psc\/lagriturismo\/\"> <span class=\"screen-reader-text\">L&#8217;agriturismo<\/span> Leggi tutto \u00bb<\/a><\/p>\n","protected":false},"author":1,"featured_media":0,"parent":0,"menu_order":0,"comment_status":"closed","ping_status":"closed","template":"","meta":{"site-sidebar-layout":"no-sidebar","site-content-layout":"page-builder","ast-main-header-display":"","ast-hfb-above-header-display":"","ast-hfb-below-header-display":"","ast-hfb-mobile-header-display":"","site-post-title":"disabled","ast-breadcrumbs-content":"","ast-featured-img":"disabled","footer-sml-layout":"","theme-transparent-header-meta":"default","adv-header-id-meta":"","stick-header-meta":"","header-above-stick-meta":"","header-main-stick-meta":"","header-below-stick-meta":""},"_links":{"self":[{"href":"https:\/\/www.postasantacroce.it\/psc\/wp-json\/wp\/v2\/pages\/24"}],"collection":[{"href":"https:\/\/www.postasantacroce.it\/psc\/wp-json\/wp\/v2\/pages"}],"about":[{"href":"https:\/\/www.postasantacroce.it\/psc\/wp-json\/wp\/v2\/types\/page"}],"author":[{"embeddable":true,"href":"https:\/\/www.postasantacroce.it\/psc\/wp-json\/wp\/v2\/users\/1"}],"replies":[{"embeddable":true,"href":"https:\/\/www.postasantacroce.it\/psc\/wp-json\/wp\/v2\/comments?post=24"}],"version-history":[{"count":166,"href":"https:\/\/www.postasantacroce.it\/psc\/wp-json\/wp\/v2\/pages\/24\/revisions"}],"predecessor-version":[{"id":6166,"href":"https:\/\/www.postasantacroce.it\/psc\/wp-json\/wp\/v2\/pages\/24\/revisions\/6166"}],"wp:attachment":[{"href":"https:\/\/www.postasantacroce.it\/psc\/wp-json\/wp\/v2\/media?parent=24"}],"curies":[{"name":"wp","href":"https:\/\/api.w.org\/{rel}","templated":true}]}}